{"id":16,"date":"2025-06-04T08:24:37","date_gmt":"2025-06-04T08:24:37","guid":{"rendered":"https:\/\/dev.fx-rottmair-zimmerei.de\/?page_id=16"},"modified":"2025-06-11T06:12:33","modified_gmt":"2025-06-11T06:12:33","slug":"qualitaet-und-kompetenz","status":"publish","type":"page","link":"https:\/\/fx-rottmair-zimmerei.de\/index.php\/qualitaet-und-kompetenz\/","title":{"rendered":"Qualit\u00e4t und Kompetenz"},"content":{"rendered":"<ul>\n<li>\n<p>        <img decoding=\"async\" src=\"\/wp-content\/uploads\/2025\/06\/Homeslider7-new.jpg\" alt=\"\"><\/p>\n<h3>Homeslider7-new<\/h3>\n<\/li>\n<li>\n<p>        <img decoding=\"async\" src=\"\/wp-content\/uploads\/2025\/06\/Homeslider6-new.jpg\" alt=\"\"><\/p>\n<h3>Homeslider6-new<\/h3>\n<\/li>\n<li>\n<p>        <img decoding=\"async\" src=\"\/wp-content\/uploads\/2025\/06\/Homeslider4-new.jpg\" alt=\"\"><\/p>\n<h3>Homeslider4-new<\/h3>\n<\/li>\n<li>\n<p>        <img decoding=\"async\" src=\"\/wp-content\/uploads\/2025\/06\/Homeslider3-new.jpg\" alt=\"\"><\/p>\n<h3>Homeslider3-new<\/h3>\n<\/li>\n<li>\n<p>        <img decoding=\"async\" src=\"\/wp-content\/uploads\/2025\/06\/Homeslider2-new.jpg\" alt=\"\"><\/p>\n<h3>Homeslider2-new<\/h3>\n<\/li>\n<li>\n<p>        <img decoding=\"async\" src=\"\/wp-content\/uploads\/2025\/06\/AmHagberg.jpg\" alt=\"\"><\/p>\n<h3>AmHagberg<\/h3>\n<\/li>\n<\/ul>\n<h1>Qualit\u00e4t &amp; Kompetenz<\/h1>\n<div>\n<div>\n<p><strong>Sie haben die Ideen &#8211; wir das Know-how! Seit 1999.<\/strong><\/p>\n<p class=\"p1\">Als Franz Xaver Rottmair (Zimmerermeister und Hochbautechniker) vor \u00fcber 25 Jahren seine Zimmerei gr\u00fcndete, beschloss er, stets f\u00fcr Qualit\u00e4t, Individualit\u00e4t und Kompetenz zu stehen.<\/p>\n<p class=\"p1\">Heute wird das Unternehmen bereits in der zweiten Generation gef\u00fchrt. Mit einem eingespielten Team, zu dem auch ein Bauingenieur geh\u00f6rt, gelingt es, Kundenw\u00fcnsche durch intensive Beratung und enge Einbindung in das Projekt zuverl\u00e4ssig umzusetzen.<\/p>\n<p class=\"p1\">Das Fachwissen des Meisterbetriebs reicht vom Planen \u00fcbers Sanieren bis hin zum Neubau. Hier sind Sie und Ihr Projekt in den besten H\u00e4nden!<\/p>\n<\/div>\n<\/div>\n<p><!--more--><br \/>\n<!-- {\"type\":\"layout\",\"children\":[{\"type\":\"section\",\"props\":{\"image_position\":\"center-center\",\"style\":\"default\",\"title_breakpoint\":\"xl\",\"title_position\":\"top-left\",\"title_rotation\":\"left\",\"vertical_align\":\"middle\",\"width\":\"large\"},\"children\":[{\"type\":\"row\",\"children\":[{\"type\":\"column\",\"props\":{\"image_position\":\"center-center\",\"position_sticky_breakpoint\":\"m\"},\"children\":[{\"type\":\"slideshow\",\"props\":{\"link_style\":\"default\",\"link_text\":\"Read more\",\"margin\":\"default\",\"meta_align\":\"below-title\",\"meta_element\":\"div\",\"meta_style\":\"text-meta\",\"nav\":\"dotnav\",\"nav_align\":\"center\",\"nav_below\":true,\"nav_breakpoint\":\"s\",\"nav_position\":\"bottom-center\",\"nav_position_margin\":\"medium\",\"overlay_animation\":\"parallax\",\"overlay_position\":\"center-left\",\"show_content\":true,\"show_link\":true,\"show_meta\":true,\"show_thumbnail\":true,\"show_title\":false,\"slidenav\":\"default\",\"slidenav_breakpoint\":\"s\",\"slidenav_margin\":\"medium\",\"slidenav_outside_breakpoint\":\"xl\",\"slideshow_animation\":\"fade\",\"slideshow_autoplay\":true,\"slideshow_autoplay_pause\":true,\"slideshow_max_height\":\"600\",\"slideshow_min_height\":\"300\",\"slideshow_parallax\":false,\"slideshow_velocity\":\"1.6\",\"thumbnav_height\":\"75\",\"thumbnav_svg_color\":\"emphasis\",\"thumbnav_width\":\"100\",\"title_element\":\"h3\",\"title_hover_style\":\"reset\"},\"children\":[{\"type\":\"slideshow_item\",\"props\":{\"image\":\"wp-content\\\/uploads\\\/2025\\\/06\\\/Homeslider7-new.jpg\",\"title\":\"Homeslider7-new\"}},{\"type\":\"slideshow_item\",\"props\":{\"image\":\"wp-content\\\/uploads\\\/2025\\\/06\\\/Homeslider6-new.jpg\",\"title\":\"Homeslider6-new\"}},{\"type\":\"slideshow_item\",\"props\":{\"image\":\"wp-content\\\/uploads\\\/2025\\\/06\\\/Homeslider4-new.jpg\",\"title\":\"Homeslider4-new\"}},{\"type\":\"slideshow_item\",\"props\":{\"image\":\"wp-content\\\/uploads\\\/2025\\\/06\\\/Homeslider3-new.jpg\",\"title\":\"Homeslider3-new\"}},{\"type\":\"slideshow_item\",\"props\":{\"image\":\"wp-content\\\/uploads\\\/2025\\\/06\\\/Homeslider2-new.jpg\",\"title\":\"Homeslider2-new\"}},{\"type\":\"slideshow_item\",\"props\":{\"image\":\"wp-content\\\/uploads\\\/2025\\\/06\\\/AmHagberg.jpg\",\"title\":\"AmHagberg\"}}]}]}]}],\"name\":\"Slideshow\"},{\"type\":\"section\",\"props\":{\"image_position\":\"center-center\",\"padding_remove_top\":true,\"style\":\"default\",\"title_breakpoint\":\"xl\",\"title_position\":\"top-left\",\"title_rotation\":\"left\",\"vertical_align\":\"middle\",\"width\":\"large\"},\"children\":[{\"type\":\"row\",\"children\":[{\"type\":\"column\",\"props\":{\"image_position\":\"center-center\",\"position_sticky_breakpoint\":\"m\"},\"children\":[{\"type\":\"headline\",\"props\":{\"content\":\"Qualit\\u00e4t &amp; Kompetenz\",\"title_element\":\"h1\"}}]}]},{\"type\":\"row\",\"children\":[{\"type\":\"column\",\"props\":{\"image_position\":\"center-center\",\"position_sticky_breakpoint\":\"m\"},\"children\":[{\"type\":\"text\",\"props\":{\"column_breakpoint\":\"m\",\"content\":\"\n\n<div>\\n\n\n<p><strong>Sie haben die Ideen - wir das Know-how! Seit 1999.<\\\/strong><\\\/p>\\n\n\n<p class=\\\"p1\\\">Als Franz Xaver Rottmair (Zimmerermeister und Hochbautechniker) vor \\u00fcber 25 Jahren seine Zimmerei gr\\u00fcndete, beschloss er, stets f\\u00fcr Qualit\\u00e4t, Individualit\\u00e4t und Kompetenz zu stehen.<\\\/p>\\n\n\n<p class=\\\"p1\\\">Heute wird das Unternehmen bereits in der zweiten Generation gef\\u00fchrt. Mit einem eingespielten Team, zu dem auch ein Bauingenieur geh\\u00f6rt, gelingt es, Kundenw\\u00fcnsche durch intensive Beratung und enge Einbindung in das Projekt zuverl\\u00e4ssig umzusetzen.<\\\/p>\\n\n\n<p class=\\\"p1\\\">Das Fachwissen des Meisterbetriebs reicht vom Planen \\u00fcbers Sanieren bis hin zum Neubau. Hier sind Sie und Ihr Projekt in den besten H\\u00e4nden!<\\\/p>\\n<\\\/div>\",\"margin\":\"default\"}}]}]}]}],\"version\":\"4.5.19\"} --><\/p>\n","protected":false},"excerpt":{"rendered":"<p>Homeslider7-new Homeslider6-new Homeslider4-new Homeslider3-new Homeslider2-new AmHagberg Qualit\u00e4t &amp; Kompetenz Sie haben die Ideen &#8211; wir das Know-how! Seit 1999. Als Franz Xaver Rottmair (Zimmerermeister und Hochbautechniker) vor \u00fcber 25 Jahren seine Zimmerei gr\u00fcndete, beschloss er, stets f\u00fcr Qualit\u00e4t, Individualit\u00e4t und Kompetenz zu stehen. Heute wird das Unternehmen bereits in der zweiten Generation gef\u00fchrt. Mit einem [&hellip;]<\/p>\n","protected":false},"author":1,"featured_media":0,"parent":0,"menu_order":0,"comment_status":"closed","ping_status":"closed","template":"","meta":{"footnotes":""},"class_list":["post-16","page","type-page","status-publish","hentry"],"_links":{"self":[{"href":"https:\/\/fx-rottmair-zimmerei.de\/index.php\/wp-json\/wp\/v2\/pages\/16","targetHints":{"allow":["GET"]}}],"collection":[{"href":"https:\/\/fx-rottmair-zimmerei.de\/index.php\/wp-json\/wp\/v2\/pages"}],"about":[{"href":"https:\/\/fx-rottmair-zimmerei.de\/index.php\/wp-json\/wp\/v2\/types\/page"}],"author":[{"embeddable":true,"href":"https:\/\/fx-rottmair-zimmerei.de\/index.php\/wp-json\/wp\/v2\/users\/1"}],"replies":[{"embeddable":true,"href":"https:\/\/fx-rottmair-zimmerei.de\/index.php\/wp-json\/wp\/v2\/comments?post=16"}],"version-history":[{"count":8,"href":"https:\/\/fx-rottmair-zimmerei.de\/index.php\/wp-json\/wp\/v2\/pages\/16\/revisions"}],"predecessor-version":[{"id":468,"href":"https:\/\/fx-rottmair-zimmerei.de\/index.php\/wp-json\/wp\/v2\/pages\/16\/revisions\/468"}],"wp:attachment":[{"href":"https:\/\/fx-rottmair-zimmerei.de\/index.php\/wp-json\/wp\/v2\/media?parent=16"}],"curies":[{"name":"wp","href":"https:\/\/api.w.org\/{rel}","templated":true}]}}